
{"id":706,"date":"2012-11-26T17:20:40","date_gmt":"2012-11-26T17:20:40","guid":{"rendered":"http:\/\/www.coachrelax.fr\/blog\/?page_id=706"},"modified":"2016-05-17T11:38:06","modified_gmt":"2016-05-17T10:38:06","slug":"ebooks-gratuits","status":"publish","type":"page","link":"https:\/\/www.coachrelax.fr\/blog\/ebooks-gratuits\/","title":{"rendered":"Ebooks \u00e0 t\u00e9l\u00e9charger"},"content":{"rendered":"<h2 style=\"text-align: center;\"><em>\u00a0Ouvrages dont je suis l&#8217;auteur<\/em><\/h2>\n<table border=\"0\" width=\"630\" cellspacing=\"0\" cellpadding=\"0\">\n<tbody>\n<tr align=\"center\">\n<td width=\"210\">\n<h4>Le Pack REUSSITE EXAMENS<\/h4>\n<\/td>\n<td width=\"210\">\n<h4>Les 7 secrets de la Sieste minute<\/h4>\n<\/td>\n<\/tr>\n<tr align=\"center\">\n<td width=\"210\">\n<div align=\"center\"><a href=\"https:\/\/www.coachrelax.fr\/blog\/revision-examen-concours-bac\/\" target=\"_blank\"><img loading=\"lazy\" decoding=\"async\" class=\"alignnone\" title=\"revision examen concours bac\" src=\"https:\/\/www.coachrelax.fr\/blog\/wp-content\/uploads\/2013\/04\/ebook+cd-revision-300x224.jpg\" alt=\"revision examen concours bac\" width=\"300\" height=\"224\" \/><\/a><br \/>\nCLIQUEZ SUR L&#8217;IMAGE<\/div>\n<h5 align=\"center\">Paru sur AMAZON<\/h5>\n<\/td>\n<td width=\"210\"><a title=\"Les 7 secrets de la SIESTE MINUTE, comment trouver le sommeil rapidement\" href=\"https:\/\/www.coachrelax.fr\/blog\/trouver-le-sommeil\/\"><img loading=\"lazy\" decoding=\"async\" src=\"https:\/\/www.coachrelax.fr\/blog\/wp-content\/uploads\/2013\/07\/trouver-le-sommeil-2.jpg\" alt=\"\" width=\"200\" height=\"290\" \/><\/a><\/p>\n<h5>Paru sur AMAZON<\/h5>\n<\/td>\n<\/tr>\n<tr align=\"center\">\n<td width=\"210\">\n<h4>120 astuces pour gagner du temps<\/h4>\n<\/td>\n<td width=\"210\"><\/td>\n<\/tr>\n<tr>\n<td><a title=\"120 astuces pour gagner du temps\" href=\"https:\/\/www.coachrelax.fr\/blog\/120-astuces-pour-gagner-du-temps\/\"><img decoding=\"async\" class=\"aligncenter size-full wp-image-727\" title=\"gagner du temps\" src=\"https:\/\/www.coachrelax.fr\/blog\/communaute\/images\/ebook-gagner-du-temps.jpg\" alt=\"\" \/><\/a><\/td>\n<td><\/td>\n<\/tr>\n<tr align=\"center\">\n<td><a title=\"120 astuces pour gagner du temps\" href=\"https:\/\/www.coachrelax.fr\/blog\/120-astuces-pour-gagner-du-temps\/\"><strong>t\u00e9l\u00e9charger ici<\/strong><\/a><\/td>\n<td><\/td>\n<\/tr>\n<\/tbody>\n<\/table>\n<h2 style=\"text-align: center;\"><em>\u00a0ebook auquel j&#8217;ai particip\u00e9<\/em><\/h2>\n<h2 style=\"text-align: center;\"><em>\u00e0 t\u00e9l\u00e9charger gratuitement<\/em><\/h2>\n<table border=\"0\" width=\"630\" cellspacing=\"0\" cellpadding=\"0\">\n<tbody>\n<tr align=\"center\">\n<td width=\"210\">\n<h4>La biblioth\u00e8que des blogueurs<\/h4>\n<\/td>\n<td width=\"210\">\n<h4>Habitudes Zen<\/h4>\n<\/td>\n<\/tr>\n<tr>\n<td><a title=\"D\u00e9couvrez la biblioth\u00e8que des blogueurs\" href=\"https:\/\/www.coachrelax.fr\/blog\/bibilotheque-des-blogueurs\/\"><img decoding=\"async\" class=\"aligncenter size-full wp-image-727\" title=\"Des livres pour changer de vie\" src=\"https:\/\/www.coachrelax.fr\/blog\/wp-content\/uploads\/2012\/11\/3-livres-190.jpg\" alt=\"\" \/><\/a><\/td>\n<td><a title=\"Habitudes Zen\" href=\"https:\/\/www.coachrelax.fr\/blog\/habitudes-zen-ebook\/\"><img loading=\"lazy\" decoding=\"async\" class=\"aligncenter wp-image-1009 size-full\" title=\"habitudes-zen-190\" src=\"https:\/\/www.coachrelax.fr\/blog\/wp-content\/uploads\/2012\/11\/habitudes-zen-190.jpg\" alt=\"\" width=\"190\" height=\"220\" srcset=\"https:\/\/www.coachrelax.fr\/blog\/wp-content\/uploads\/2012\/11\/habitudes-zen-190.jpg 190w, https:\/\/www.coachrelax.fr\/blog\/wp-content\/uploads\/2012\/11\/habitudes-zen-190-768x889.jpg 768w, https:\/\/www.coachrelax.fr\/blog\/wp-content\/uploads\/2012\/11\/habitudes-zen-190-600x694.jpg 600w\" sizes=\"auto, (max-width: 190px) 100vw, 190px\" \/><\/a><\/td>\n<\/tr>\n<tr align=\"center\">\n<td><a title=\"D\u00e9couvrez la biblioth\u00e8que des blogueurs\" href=\"https:\/\/www.coachrelax.fr\/blog\/bibilotheque-des-blogueurs\/\"><strong>t\u00e9l\u00e9charger ici<\/strong><\/a><\/td>\n<td><a title=\"Habitudes Zen\" href=\"https:\/\/www.coachrelax.fr\/blog\/habitudes-zen-ebook\/\"><strong>t\u00e9l\u00e9charger ici<\/strong><\/a><\/td>\n<\/tr>\n<\/tbody>\n<\/table>\n","protected":false},"excerpt":{"rendered":"<p>\u00a0Ouvrages dont je suis l&#8217;auteur Le Pack REUSSITE EXAMENS Les 7 secrets de la Sieste minute CLIQUEZ SUR L&#8217;IMAGE Paru sur AMAZON Paru sur AMAZON 120 astuces pour gagner du temps t\u00e9l\u00e9charger ici \u00a0ebook auquel j&#8217;ai particip\u00e9 \u00e0 t\u00e9l\u00e9charger gratuitement La biblioth\u00e8que des blogueurs Habitudes Zen t\u00e9l\u00e9charger ici t\u00e9l\u00e9charger ici<\/p>\n","protected":false},"author":1,"featured_media":0,"parent":0,"menu_order":20,"comment_status":"open","ping_status":"open","template":"","meta":{"footnotes":""},"class_list":["post-706","page","type-page","status-publish","hentry"],"yoast_head":"<!-- This site is optimized with the Yoast SEO plugin v27.5 - https:\/\/yoast.com\/product\/yoast-seo-wordpress\/ -->\n<title>Ebook gratuits \u00e0 t\u00e9l\u00e9charger d\u00e9veloppement personnel<\/title>\n<meta name=\"description\" content=\"gagner du temps, la sieste minute, habitudes zen\" \/>\n<meta name=\"robots\" content=\"index, follow, max-snippet:-1, max-image-preview:large, max-video-preview:-1\" \/>\n<link rel=\"canonical\" href=\"https:\/\/www.coachrelax.fr\/blog\/ebooks-gratuits\/\" \/>\n<meta property=\"og:locale\" content=\"fr_FR\" \/>\n<meta property=\"og:type\" content=\"article\" \/>\n<meta property=\"og:title\" content=\"Ebook gratuits \u00e0 t\u00e9l\u00e9charger d\u00e9veloppement personnel\" \/>\n<meta property=\"og:description\" content=\"gagner du temps, la sieste minute, habitudes zen\" \/>\n<meta property=\"og:url\" content=\"https:\/\/www.coachrelax.fr\/blog\/ebooks-gratuits\/\" \/>\n<meta property=\"og:site_name\" content=\"COACH RELAX, le BLOG\" \/>\n<meta property=\"article:publisher\" content=\"https:\/\/www.facebook.com\/CoachRelax.fr\/\" \/>\n<meta property=\"article:modified_time\" content=\"2016-05-17T10:38:06+00:00\" \/>\n<meta property=\"og:image\" content=\"http:\/\/www.coachrelax.fr\/blog\/wp-content\/uploads\/2013\/04\/ebook+cd-revision-300x224.jpg\" \/>\n<meta name=\"twitter:card\" content=\"summary_large_image\" \/>\n<meta name=\"twitter:title\" content=\"Ebook gratuits \u00e0 t\u00e9l\u00e9charger d\u00e9veloppement personnel\" \/>\n<meta name=\"twitter:description\" content=\"gagner du temps, la sieste minute, habitudes zen\" \/>\n<meta name=\"twitter:site\" content=\"@coachrelax\" \/>\n<script type=\"application\/ld+json\" class=\"yoast-schema-graph\">{\"@context\":\"https:\\\/\\\/schema.org\",\"@graph\":[{\"@type\":\"WebPage\",\"@id\":\"https:\\\/\\\/www.coachrelax.fr\\\/blog\\\/ebooks-gratuits\\\/\",\"url\":\"https:\\\/\\\/www.coachrelax.fr\\\/blog\\\/ebooks-gratuits\\\/\",\"name\":\"Ebook gratuits \u00e0 t\u00e9l\u00e9charger d\u00e9veloppement personnel\",\"isPartOf\":{\"@id\":\"https:\\\/\\\/www.coachrelax.fr\\\/blog\\\/#website\"},\"primaryImageOfPage\":{\"@id\":\"https:\\\/\\\/www.coachrelax.fr\\\/blog\\\/ebooks-gratuits\\\/#primaryimage\"},\"image\":{\"@id\":\"https:\\\/\\\/www.coachrelax.fr\\\/blog\\\/ebooks-gratuits\\\/#primaryimage\"},\"thumbnailUrl\":\"http:\\\/\\\/www.coachrelax.fr\\\/blog\\\/wp-content\\\/uploads\\\/2013\\\/04\\\/ebook+cd-revision-300x224.jpg\",\"datePublished\":\"2012-11-26T17:20:40+00:00\",\"dateModified\":\"2016-05-17T10:38:06+00:00\",\"description\":\"gagner du temps, la sieste minute, habitudes zen\",\"breadcrumb\":{\"@id\":\"https:\\\/\\\/www.coachrelax.fr\\\/blog\\\/ebooks-gratuits\\\/#breadcrumb\"},\"inLanguage\":\"fr-FR\",\"potentialAction\":[{\"@type\":\"ReadAction\",\"target\":[\"https:\\\/\\\/www.coachrelax.fr\\\/blog\\\/ebooks-gratuits\\\/\"]}]},{\"@type\":\"ImageObject\",\"inLanguage\":\"fr-FR\",\"@id\":\"https:\\\/\\\/www.coachrelax.fr\\\/blog\\\/ebooks-gratuits\\\/#primaryimage\",\"url\":\"http:\\\/\\\/www.coachrelax.fr\\\/blog\\\/wp-content\\\/uploads\\\/2013\\\/04\\\/ebook+cd-revision-300x224.jpg\",\"contentUrl\":\"http:\\\/\\\/www.coachrelax.fr\\\/blog\\\/wp-content\\\/uploads\\\/2013\\\/04\\\/ebook+cd-revision-300x224.jpg\"},{\"@type\":\"BreadcrumbList\",\"@id\":\"https:\\\/\\\/www.coachrelax.fr\\\/blog\\\/ebooks-gratuits\\\/#breadcrumb\",\"itemListElement\":[{\"@type\":\"ListItem\",\"position\":1,\"name\":\"Accueil\",\"item\":\"https:\\\/\\\/www.coachrelax.fr\\\/blog\\\/\"},{\"@type\":\"ListItem\",\"position\":2,\"name\":\"Ebooks \u00e0 t\u00e9l\u00e9charger\"}]},{\"@type\":\"WebSite\",\"@id\":\"https:\\\/\\\/www.coachrelax.fr\\\/blog\\\/#website\",\"url\":\"https:\\\/\\\/www.coachrelax.fr\\\/blog\\\/\",\"name\":\"COACH RELAX, le BLOG\",\"description\":\"\",\"publisher\":{\"@id\":\"https:\\\/\\\/www.coachrelax.fr\\\/blog\\\/#organization\"},\"potentialAction\":[{\"@type\":\"SearchAction\",\"target\":{\"@type\":\"EntryPoint\",\"urlTemplate\":\"https:\\\/\\\/www.coachrelax.fr\\\/blog\\\/?s={search_term_string}\"},\"query-input\":{\"@type\":\"PropertyValueSpecification\",\"valueRequired\":true,\"valueName\":\"search_term_string\"}}],\"inLanguage\":\"fr-FR\"},{\"@type\":\"Organization\",\"@id\":\"https:\\\/\\\/www.coachrelax.fr\\\/blog\\\/#organization\",\"name\":\"Coach Relax\",\"url\":\"https:\\\/\\\/www.coachrelax.fr\\\/blog\\\/\",\"logo\":{\"@type\":\"ImageObject\",\"inLanguage\":\"fr-FR\",\"@id\":\"https:\\\/\\\/www.coachrelax.fr\\\/blog\\\/#\\\/schema\\\/logo\\\/image\\\/\",\"url\":\"http:\\\/\\\/www.coachrelax.fr\\\/blog\\\/wp-content\\\/uploads\\\/2016\\\/03\\\/cropped-Logo-bleu-clair-reduit.jpg\",\"contentUrl\":\"http:\\\/\\\/www.coachrelax.fr\\\/blog\\\/wp-content\\\/uploads\\\/2016\\\/03\\\/cropped-Logo-bleu-clair-reduit.jpg\",\"width\":512,\"height\":512,\"caption\":\"Coach Relax\"},\"image\":{\"@id\":\"https:\\\/\\\/www.coachrelax.fr\\\/blog\\\/#\\\/schema\\\/logo\\\/image\\\/\"},\"sameAs\":[\"https:\\\/\\\/www.facebook.com\\\/CoachRelax.fr\\\/\",\"https:\\\/\\\/x.com\\\/coachrelax\",\"http:\\\/\\\/www.linkedin.com\\\/in\\\/coachrelax\",\"http:\\\/\\\/www.pinterest.com\\\/coachrelax\",\"http:\\\/\\\/www.youtube.com\\\/user\\\/CoachRelax\"]}]}<\/script>\n<!-- \/ Yoast SEO plugin. -->","yoast_head_json":{"title":"Ebook gratuits \u00e0 t\u00e9l\u00e9charger d\u00e9veloppement personnel","description":"gagner du temps, la sieste minute, habitudes zen","robots":{"index":"index","follow":"follow","max-snippet":"max-snippet:-1","max-image-preview":"max-image-preview:large","max-video-preview":"max-video-preview:-1"},"canonical":"https:\/\/www.coachrelax.fr\/blog\/ebooks-gratuits\/","og_locale":"fr_FR","og_type":"article","og_title":"Ebook gratuits \u00e0 t\u00e9l\u00e9charger d\u00e9veloppement personnel","og_description":"gagner du temps, la sieste minute, habitudes zen","og_url":"https:\/\/www.coachrelax.fr\/blog\/ebooks-gratuits\/","og_site_name":"COACH RELAX, le BLOG","article_publisher":"https:\/\/www.facebook.com\/CoachRelax.fr\/","article_modified_time":"2016-05-17T10:38:06+00:00","og_image":[{"url":"http:\/\/www.coachrelax.fr\/blog\/wp-content\/uploads\/2013\/04\/ebook+cd-revision-300x224.jpg","type":"","width":"","height":""}],"twitter_card":"summary_large_image","twitter_title":"Ebook gratuits \u00e0 t\u00e9l\u00e9charger d\u00e9veloppement personnel","twitter_description":"gagner du temps, la sieste minute, habitudes zen","twitter_site":"@coachrelax","schema":{"@context":"https:\/\/schema.org","@graph":[{"@type":"WebPage","@id":"https:\/\/www.coachrelax.fr\/blog\/ebooks-gratuits\/","url":"https:\/\/www.coachrelax.fr\/blog\/ebooks-gratuits\/","name":"Ebook gratuits \u00e0 t\u00e9l\u00e9charger d\u00e9veloppement personnel","isPartOf":{"@id":"https:\/\/www.coachrelax.fr\/blog\/#website"},"primaryImageOfPage":{"@id":"https:\/\/www.coachrelax.fr\/blog\/ebooks-gratuits\/#primaryimage"},"image":{"@id":"https:\/\/www.coachrelax.fr\/blog\/ebooks-gratuits\/#primaryimage"},"thumbnailUrl":"http:\/\/www.coachrelax.fr\/blog\/wp-content\/uploads\/2013\/04\/ebook+cd-revision-300x224.jpg","datePublished":"2012-11-26T17:20:40+00:00","dateModified":"2016-05-17T10:38:06+00:00","description":"gagner du temps, la sieste minute, habitudes zen","breadcrumb":{"@id":"https:\/\/www.coachrelax.fr\/blog\/ebooks-gratuits\/#breadcrumb"},"inLanguage":"fr-FR","potentialAction":[{"@type":"ReadAction","target":["https:\/\/www.coachrelax.fr\/blog\/ebooks-gratuits\/"]}]},{"@type":"ImageObject","inLanguage":"fr-FR","@id":"https:\/\/www.coachrelax.fr\/blog\/ebooks-gratuits\/#primaryimage","url":"http:\/\/www.coachrelax.fr\/blog\/wp-content\/uploads\/2013\/04\/ebook+cd-revision-300x224.jpg","contentUrl":"http:\/\/www.coachrelax.fr\/blog\/wp-content\/uploads\/2013\/04\/ebook+cd-revision-300x224.jpg"},{"@type":"BreadcrumbList","@id":"https:\/\/www.coachrelax.fr\/blog\/ebooks-gratuits\/#breadcrumb","itemListElement":[{"@type":"ListItem","position":1,"name":"Accueil","item":"https:\/\/www.coachrelax.fr\/blog\/"},{"@type":"ListItem","position":2,"name":"Ebooks \u00e0 t\u00e9l\u00e9charger"}]},{"@type":"WebSite","@id":"https:\/\/www.coachrelax.fr\/blog\/#website","url":"https:\/\/www.coachrelax.fr\/blog\/","name":"COACH RELAX, le BLOG","description":"","publisher":{"@id":"https:\/\/www.coachrelax.fr\/blog\/#organization"},"potentialAction":[{"@type":"SearchAction","target":{"@type":"EntryPoint","urlTemplate":"https:\/\/www.coachrelax.fr\/blog\/?s={search_term_string}"},"query-input":{"@type":"PropertyValueSpecification","valueRequired":true,"valueName":"search_term_string"}}],"inLanguage":"fr-FR"},{"@type":"Organization","@id":"https:\/\/www.coachrelax.fr\/blog\/#organization","name":"Coach Relax","url":"https:\/\/www.coachrelax.fr\/blog\/","logo":{"@type":"ImageObject","inLanguage":"fr-FR","@id":"https:\/\/www.coachrelax.fr\/blog\/#\/schema\/logo\/image\/","url":"http:\/\/www.coachrelax.fr\/blog\/wp-content\/uploads\/2016\/03\/cropped-Logo-bleu-clair-reduit.jpg","contentUrl":"http:\/\/www.coachrelax.fr\/blog\/wp-content\/uploads\/2016\/03\/cropped-Logo-bleu-clair-reduit.jpg","width":512,"height":512,"caption":"Coach Relax"},"image":{"@id":"https:\/\/www.coachrelax.fr\/blog\/#\/schema\/logo\/image\/"},"sameAs":["https:\/\/www.facebook.com\/CoachRelax.fr\/","https:\/\/x.com\/coachrelax","http:\/\/www.linkedin.com\/in\/coachrelax","http:\/\/www.pinterest.com\/coachrelax","http:\/\/www.youtube.com\/user\/CoachRelax"]}]}},"_links":{"self":[{"href":"https:\/\/www.coachrelax.fr\/blog\/wp-json\/wp\/v2\/pages\/706","targetHints":{"allow":["GET"]}}],"collection":[{"href":"https:\/\/www.coachrelax.fr\/blog\/wp-json\/wp\/v2\/pages"}],"about":[{"href":"https:\/\/www.coachrelax.fr\/blog\/wp-json\/wp\/v2\/types\/page"}],"author":[{"embeddable":true,"href":"https:\/\/www.coachrelax.fr\/blog\/wp-json\/wp\/v2\/users\/1"}],"replies":[{"embeddable":true,"href":"https:\/\/www.coachrelax.fr\/blog\/wp-json\/wp\/v2\/comments?post=706"}],"version-history":[{"count":0,"href":"https:\/\/www.coachrelax.fr\/blog\/wp-json\/wp\/v2\/pages\/706\/revisions"}],"wp:attachment":[{"href":"https:\/\/www.coachrelax.fr\/blog\/wp-json\/wp\/v2\/media?parent=706"}],"curies":[{"name":"wp","href":"https:\/\/api.w.org\/{rel}","templated":true}]}}