
{"id":273,"date":"2012-07-22T06:11:16","date_gmt":"2012-07-22T06:11:16","guid":{"rendered":"http:\/\/www.coachrelax.fr\/blog\/?page_id=273"},"modified":"2013-07-17T18:22:47","modified_gmt":"2013-07-17T16:22:47","slug":"ressources","status":"publish","type":"page","link":"https:\/\/www.coachrelax.fr\/blog\/ressources\/","title":{"rendered":"Mediath\u00e8que"},"content":{"rendered":"<p><strong>2 boutiques \u00e0 votre disposition:<\/strong><\/p>\n<h3 style=\"text-align: center;\">1. Consultez les livres, CD de relaxation, DVD de sophrologie que je vous recommande.<\/h3>\n<p>Les livres \u00e9lectroniques sont t\u00e9l\u00e9chargeables sur tous vos supports avec l&#8217;application gratuite d&#8217;AMAZON&nbsp;<\/p>\n<h3 style=\"text-align: center;\">\u00a0Vous pouvez les commander directement<\/h3>\n<p>&nbsp;<\/p>\n<h3 style=\"text-align: center;\">\u00a0dans la\u00a0<a title=\"Boutique Coach Relax\" href=\"http:\/\/astore.amazon.fr\/cr0c-21?_encoding=UTF8&amp;node=1\" target=\"_blank\">BOUTIQUE COACH RELAX<\/a><\/h3>\n<p>&nbsp;<\/p>\n<h5 style=\"text-align: center;\">En voici un \u00e9chantillon:<script type=\"text\/javascript\">\/\/ <![CDATA[\namazon_ad_tag=\"cr0c-21\";  amazon_ad_width=\"600\";  amazon_ad_height=\"520\";  amazon_color_border=\"206BA2\";  amazon_color_logo=\"FFFFFF\";  amazon_color_link=\"206BA2\";  amazon_ad_logo=\"hide\";  amazon_ad_link_target=\"new\";  amazon_ad_title=\"Boutique COACH RELAX\";\n\/\/ ]]><\/script><br \/>\n<script type=\"text\/javascript\" src=\"http:\/\/www.assoc-amazon.fr\/s\/asw.js\"><\/script><\/h5>\n<h3>2.Les Fiches pratiques pour r\u00e9viser le bac\u00a0dans la boutique<br \/>\n<a title=\"R\u00e9visions du BAC\" href=\"http:\/\/astore.amazon.fr\/cr-exam-21 target=\">R\u00e9visions du BAC<\/a><\/h3>\n<p><span style=\"font-size: 16.799999237060547px; font-weight: bold; letter-spacing: -0.02em; line-height: normal;\">en voici un \u00e9chantillon:commandez directement,<\/span><br \/>\n<script type=\"text\/javascript\"><!--\namazon_ad_tag=\"cr-exam-21\"; \namazon_ad_width=\"728\"; \namazon_ad_height=\"90\"; \namazon_color_background=\"E9E9E2\"; \namazon_color_border=\"F4B01B\"; \namazon_color_logo=\"1A0372\"; \namazon_color_link=\"F90E0E\"; \namazon_ad_logo=\"hide\"; \namazon_ad_link_target=\"new\"; \namazon_ad_title=\"Fiches R\u00e9visions du BAC toutes s\u00e9ries\"; \/\/--><\/script><br \/>\n<script type=\"text\/javascript\" src=\"http:\/\/www.assoc-amazon.fr\/s\/asw.js\"><\/script><\/p>\n","protected":false},"excerpt":{"rendered":"<p>2 boutiques \u00e0 votre disposition: 1. Consultez les livres, CD de relaxation, DVD de sophrologie que je vous recommande. Les livres \u00e9lectroniques sont t\u00e9l\u00e9chargeables sur tous vos supports avec l&#8217;application gratuite d&#8217;AMAZON&nbsp; \u00a0Vous pouvez les commander directement &nbsp; \u00a0dans la\u00a0BOUTIQUE COACH RELAX &nbsp; En voici un \u00e9chantillon: 2.Les Fiches pratiques pour r\u00e9viser le bac\u00a0dans la [&hellip;]<\/p>\n","protected":false},"author":1,"featured_media":0,"parent":0,"menu_order":36,"comment_status":"open","ping_status":"open","template":"","meta":{"footnotes":""},"class_list":["post-273","page","type-page","status-publish","hentry"],"yoast_head":"<!-- This site is optimized with the Yoast SEO plugin v27.3 - https:\/\/yoast.com\/product\/yoast-seo-wordpress\/ -->\n<title>Mediath\u00e8que - COACH RELAX, le BLOG<\/title>\n<meta name=\"robots\" content=\"index, follow, max-snippet:-1, max-image-preview:large, max-video-preview:-1\" \/>\n<link rel=\"canonical\" href=\"https:\/\/www.coachrelax.fr\/blog\/ressources\/\" \/>\n<meta property=\"og:locale\" content=\"fr_FR\" \/>\n<meta property=\"og:type\" content=\"article\" \/>\n<meta property=\"og:title\" content=\"Mediath\u00e8que - COACH RELAX, le BLOG\" \/>\n<meta property=\"og:description\" content=\"2 boutiques \u00e0 votre disposition: 1. Consultez les livres, CD de relaxation, DVD de sophrologie que je vous recommande. Les livres \u00e9lectroniques sont t\u00e9l\u00e9chargeables sur tous vos supports avec l&#8217;application gratuite d&#8217;AMAZON&nbsp; \u00a0Vous pouvez les commander directement &nbsp; \u00a0dans la\u00a0BOUTIQUE COACH RELAX &nbsp; En voici un \u00e9chantillon: 2.Les Fiches pratiques pour r\u00e9viser le bac\u00a0dans la [&hellip;]\" \/>\n<meta property=\"og:url\" content=\"https:\/\/www.coachrelax.fr\/blog\/ressources\/\" \/>\n<meta property=\"og:site_name\" content=\"COACH RELAX, le BLOG\" \/>\n<meta property=\"article:publisher\" content=\"https:\/\/www.facebook.com\/CoachRelax.fr\/\" \/>\n<meta property=\"article:modified_time\" content=\"2013-07-17T16:22:47+00:00\" \/>\n<meta name=\"twitter:card\" content=\"summary_large_image\" \/>\n<meta name=\"twitter:site\" content=\"@coachrelax\" \/>\n<script type=\"application\/ld+json\" class=\"yoast-schema-graph\">{\"@context\":\"https:\\\/\\\/schema.org\",\"@graph\":[{\"@type\":\"WebPage\",\"@id\":\"https:\\\/\\\/www.coachrelax.fr\\\/blog\\\/ressources\\\/\",\"url\":\"https:\\\/\\\/www.coachrelax.fr\\\/blog\\\/ressources\\\/\",\"name\":\"Mediath\u00e8que - COACH RELAX, le BLOG\",\"isPartOf\":{\"@id\":\"https:\\\/\\\/www.coachrelax.fr\\\/blog\\\/#website\"},\"datePublished\":\"2012-07-22T06:11:16+00:00\",\"dateModified\":\"2013-07-17T16:22:47+00:00\",\"breadcrumb\":{\"@id\":\"https:\\\/\\\/www.coachrelax.fr\\\/blog\\\/ressources\\\/#breadcrumb\"},\"inLanguage\":\"fr-FR\",\"potentialAction\":[{\"@type\":\"ReadAction\",\"target\":[\"https:\\\/\\\/www.coachrelax.fr\\\/blog\\\/ressources\\\/\"]}]},{\"@type\":\"BreadcrumbList\",\"@id\":\"https:\\\/\\\/www.coachrelax.fr\\\/blog\\\/ressources\\\/#breadcrumb\",\"itemListElement\":[{\"@type\":\"ListItem\",\"position\":1,\"name\":\"Accueil\",\"item\":\"https:\\\/\\\/www.coachrelax.fr\\\/blog\\\/\"},{\"@type\":\"ListItem\",\"position\":2,\"name\":\"Mediath\u00e8que\"}]},{\"@type\":\"WebSite\",\"@id\":\"https:\\\/\\\/www.coachrelax.fr\\\/blog\\\/#website\",\"url\":\"https:\\\/\\\/www.coachrelax.fr\\\/blog\\\/\",\"name\":\"COACH RELAX, le BLOG\",\"description\":\"\",\"publisher\":{\"@id\":\"https:\\\/\\\/www.coachrelax.fr\\\/blog\\\/#organization\"},\"potentialAction\":[{\"@type\":\"SearchAction\",\"target\":{\"@type\":\"EntryPoint\",\"urlTemplate\":\"https:\\\/\\\/www.coachrelax.fr\\\/blog\\\/?s={search_term_string}\"},\"query-input\":{\"@type\":\"PropertyValueSpecification\",\"valueRequired\":true,\"valueName\":\"search_term_string\"}}],\"inLanguage\":\"fr-FR\"},{\"@type\":\"Organization\",\"@id\":\"https:\\\/\\\/www.coachrelax.fr\\\/blog\\\/#organization\",\"name\":\"Coach Relax\",\"url\":\"https:\\\/\\\/www.coachrelax.fr\\\/blog\\\/\",\"logo\":{\"@type\":\"ImageObject\",\"inLanguage\":\"fr-FR\",\"@id\":\"https:\\\/\\\/www.coachrelax.fr\\\/blog\\\/#\\\/schema\\\/logo\\\/image\\\/\",\"url\":\"http:\\\/\\\/www.coachrelax.fr\\\/blog\\\/wp-content\\\/uploads\\\/2016\\\/03\\\/cropped-Logo-bleu-clair-reduit.jpg\",\"contentUrl\":\"http:\\\/\\\/www.coachrelax.fr\\\/blog\\\/wp-content\\\/uploads\\\/2016\\\/03\\\/cropped-Logo-bleu-clair-reduit.jpg\",\"width\":512,\"height\":512,\"caption\":\"Coach Relax\"},\"image\":{\"@id\":\"https:\\\/\\\/www.coachrelax.fr\\\/blog\\\/#\\\/schema\\\/logo\\\/image\\\/\"},\"sameAs\":[\"https:\\\/\\\/www.facebook.com\\\/CoachRelax.fr\\\/\",\"https:\\\/\\\/x.com\\\/coachrelax\",\"http:\\\/\\\/www.linkedin.com\\\/in\\\/coachrelax\",\"http:\\\/\\\/www.pinterest.com\\\/coachrelax\",\"http:\\\/\\\/www.youtube.com\\\/user\\\/CoachRelax\"]}]}<\/script>\n<!-- \/ Yoast SEO plugin. -->","yoast_head_json":{"title":"Mediath\u00e8que - COACH RELAX, le BLOG","robots":{"index":"index","follow":"follow","max-snippet":"max-snippet:-1","max-image-preview":"max-image-preview:large","max-video-preview":"max-video-preview:-1"},"canonical":"https:\/\/www.coachrelax.fr\/blog\/ressources\/","og_locale":"fr_FR","og_type":"article","og_title":"Mediath\u00e8que - COACH RELAX, le BLOG","og_description":"2 boutiques \u00e0 votre disposition: 1. Consultez les livres, CD de relaxation, DVD de sophrologie que je vous recommande. Les livres \u00e9lectroniques sont t\u00e9l\u00e9chargeables sur tous vos supports avec l&#8217;application gratuite d&#8217;AMAZON&nbsp; \u00a0Vous pouvez les commander directement &nbsp; \u00a0dans la\u00a0BOUTIQUE COACH RELAX &nbsp; En voici un \u00e9chantillon: 2.Les Fiches pratiques pour r\u00e9viser le bac\u00a0dans la [&hellip;]","og_url":"https:\/\/www.coachrelax.fr\/blog\/ressources\/","og_site_name":"COACH RELAX, le BLOG","article_publisher":"https:\/\/www.facebook.com\/CoachRelax.fr\/","article_modified_time":"2013-07-17T16:22:47+00:00","twitter_card":"summary_large_image","twitter_site":"@coachrelax","schema":{"@context":"https:\/\/schema.org","@graph":[{"@type":"WebPage","@id":"https:\/\/www.coachrelax.fr\/blog\/ressources\/","url":"https:\/\/www.coachrelax.fr\/blog\/ressources\/","name":"Mediath\u00e8que - COACH RELAX, le BLOG","isPartOf":{"@id":"https:\/\/www.coachrelax.fr\/blog\/#website"},"datePublished":"2012-07-22T06:11:16+00:00","dateModified":"2013-07-17T16:22:47+00:00","breadcrumb":{"@id":"https:\/\/www.coachrelax.fr\/blog\/ressources\/#breadcrumb"},"inLanguage":"fr-FR","potentialAction":[{"@type":"ReadAction","target":["https:\/\/www.coachrelax.fr\/blog\/ressources\/"]}]},{"@type":"BreadcrumbList","@id":"https:\/\/www.coachrelax.fr\/blog\/ressources\/#breadcrumb","itemListElement":[{"@type":"ListItem","position":1,"name":"Accueil","item":"https:\/\/www.coachrelax.fr\/blog\/"},{"@type":"ListItem","position":2,"name":"Mediath\u00e8que"}]},{"@type":"WebSite","@id":"https:\/\/www.coachrelax.fr\/blog\/#website","url":"https:\/\/www.coachrelax.fr\/blog\/","name":"COACH RELAX, le BLOG","description":"","publisher":{"@id":"https:\/\/www.coachrelax.fr\/blog\/#organization"},"potentialAction":[{"@type":"SearchAction","target":{"@type":"EntryPoint","urlTemplate":"https:\/\/www.coachrelax.fr\/blog\/?s={search_term_string}"},"query-input":{"@type":"PropertyValueSpecification","valueRequired":true,"valueName":"search_term_string"}}],"inLanguage":"fr-FR"},{"@type":"Organization","@id":"https:\/\/www.coachrelax.fr\/blog\/#organization","name":"Coach Relax","url":"https:\/\/www.coachrelax.fr\/blog\/","logo":{"@type":"ImageObject","inLanguage":"fr-FR","@id":"https:\/\/www.coachrelax.fr\/blog\/#\/schema\/logo\/image\/","url":"http:\/\/www.coachrelax.fr\/blog\/wp-content\/uploads\/2016\/03\/cropped-Logo-bleu-clair-reduit.jpg","contentUrl":"http:\/\/www.coachrelax.fr\/blog\/wp-content\/uploads\/2016\/03\/cropped-Logo-bleu-clair-reduit.jpg","width":512,"height":512,"caption":"Coach Relax"},"image":{"@id":"https:\/\/www.coachrelax.fr\/blog\/#\/schema\/logo\/image\/"},"sameAs":["https:\/\/www.facebook.com\/CoachRelax.fr\/","https:\/\/x.com\/coachrelax","http:\/\/www.linkedin.com\/in\/coachrelax","http:\/\/www.pinterest.com\/coachrelax","http:\/\/www.youtube.com\/user\/CoachRelax"]}]}},"_links":{"self":[{"href":"https:\/\/www.coachrelax.fr\/blog\/wp-json\/wp\/v2\/pages\/273","targetHints":{"allow":["GET"]}}],"collection":[{"href":"https:\/\/www.coachrelax.fr\/blog\/wp-json\/wp\/v2\/pages"}],"about":[{"href":"https:\/\/www.coachrelax.fr\/blog\/wp-json\/wp\/v2\/types\/page"}],"author":[{"embeddable":true,"href":"https:\/\/www.coachrelax.fr\/blog\/wp-json\/wp\/v2\/users\/1"}],"replies":[{"embeddable":true,"href":"https:\/\/www.coachrelax.fr\/blog\/wp-json\/wp\/v2\/comments?post=273"}],"version-history":[{"count":0,"href":"https:\/\/www.coachrelax.fr\/blog\/wp-json\/wp\/v2\/pages\/273\/revisions"}],"wp:attachment":[{"href":"https:\/\/www.coachrelax.fr\/blog\/wp-json\/wp\/v2\/media?parent=273"}],"curies":[{"name":"wp","href":"https:\/\/api.w.org\/{rel}","templated":true}]}}